{"id":1223,"date":"2024-11-07T22:36:47","date_gmt":"2024-11-07T21:36:47","guid":{"rendered":"https:\/\/iberostages.com\/?page_id=1223"},"modified":"2024-11-07T22:36:47","modified_gmt":"2024-11-07T21:36:47","slug":"mentions-legales","status":"publish","type":"page","link":"https:\/\/iberostages.com\/index.php\/mentions-legales\/","title":{"rendered":"Mentions L\u00e9gales"},"content":{"rendered":"\n<h2 class=\"wp-block-heading has-large-font-size\">Mentions L\u00e9gales<\/h2>\n\n\n\n<figure class=\"wp-block-pullquote has-text-align-left has-border-color has-small-font-size\" style=\"border-color:#ffffff00;margin-top:0;margin-right:0;margin-bottom:0;margin-left:0;padding-top:0;padding-right:0;padding-bottom:0;padding-left:0\"><blockquote><p><strong>Propri\u00e9t\u00e9 du site<\/strong><br>Nom du site : IBERO Stages<br>Directeur de la publication : Mme Isabelle Denet &#8211; Entrepreneur Individuel<br>Adresse : 32b, Rue Roger Bonnet 27340 Pont de l\u2019Arche &#8211; France<br>N\u00b0 de t\u00e9l. : 07 66 42 76 34<br>Adresse mail : info@iberostages.com<br>SIRET : 918 549 379 00017<br><br><strong>H\u00e9bergement du site<\/strong><br>Nom de l\u2019h\u00e9bergeur : Hostinger International, Ltd<br>Adresse\u00a0: 61 Lordou Vironos Street 17. 6023 Larnaca &#8211; Cyprus<br>Adresse mail\u00a0: gdpr@hostinger.com<br>SIRET\u00a0: CY10301365E<br><br><strong>Propri\u00e9t\u00e9 Intellectuelle :<\/strong><br>Tous les contenus pr\u00e9sents sur ce site (textes, images, graphismes, logos, ic\u00f4nes, etc.) sont la propri\u00e9t\u00e9 exclusive de IBERO Stages ou sont utilis\u00e9s avec l\u2019autorisation de leurs auteurs ou conform\u00e9ment aux licences de droits d\u2019auteur en vigueur. Certaines images proviennent de banques d\u2019images libres de droits et respectent les conditions d&rsquo;utilisation du fournisseur. Toute reproduction, distribution, modification, adaptation ou publication de ces \u00e9l\u00e9ments, m\u00eame partielle, est strictement interdite sans l&rsquo;accord \u00e9crit pr\u00e9alable de IBERO Stages ou des titulaires des droits concern\u00e9s.<br><br><strong>Donn\u00e9es Personnelles :<\/strong><br>Conform\u00e9ment aux lois europ\u00e9ennes et espagnoles sur la protection des donn\u00e9es personnelles, vous disposez d&rsquo;un droit d&rsquo;acc\u00e8s, de rectification, de suppression, de limitation du traitement, de portabilit\u00e9 et d\u2019opposition pour les donn\u00e9es vous concernant. Pour exercer ces droits, vous pouvez contacter notre responsable \u00e0 l\u2019adresse e-mail suivante : info@iberostages.com.<br><br><strong>Cookies et Technologies Similaires :<\/strong><br>Le site IBERO Stages utilise des cookies pour am\u00e9liorer l\u2019exp\u00e9rience utilisateur et pour des statistiques anonymes de visite. Une politique de cookies d\u00e9taillant leur utilisation et leur gestion est consultable sur notre site.<br><br><strong>Limitation de Responsabilit\u00e9 :<\/strong><br>IBERO Stages met tout en \u0153uvre pour fournir des informations exactes et \u00e0 jour, mais ne saurait garantir l&rsquo;exactitude, la pr\u00e9cision ou l\u2019exhaustivit\u00e9 des informations pr\u00e9sent\u00e9es sur ce site. En cons\u00e9quence, l\u2019utilisateur reconna\u00eet utiliser ces informations sous sa responsabilit\u00e9 exclusive.<br><br><strong>Liens Hypertextes :<\/strong><br>Le site peut inclure des liens vers d\u2019autres sites ou sources externes. IBERO Stages ne peut \u00eatre tenu responsable du contenu de ces sites externes.<br><br><strong>Modification des Mentions L\u00e9gales :<\/strong> IBERO Stages se r\u00e9serve le droit de modifier ou d\u2019actualiser les pr\u00e9sentes mentions l\u00e9gales \u00e0 tout moment et sans pr\u00e9avis. Les utilisateurs sont invit\u00e9s \u00e0 les consulter r\u00e9guli\u00e8rement.<\/p><\/blockquote><\/figure>\n","protected":false},"excerpt":{"rendered":"<p>Mentions L\u00e9gales Propri\u00e9t\u00e9 du siteNom du site : IBERO StagesDirecteur de la publication : Mme Isabelle Denet &#8211; Entrepreneur IndividuelAdresse : 32b, Rue Roger Bonnet 27340 Pont de l\u2019Arche &#8211; FranceN\u00b0 de t\u00e9l. : 07 66 42 76 34Adresse mail : info@iberostages.comSIRET : 918 549 379 00017 H\u00e9bergement du siteNom de l\u2019h\u00e9bergeur : Hostinger International, [&hellip;]<\/p>\n","protected":false},"author":2,"featured_media":0,"parent":0,"menu_order":0,"comment_status":"closed","ping_status":"closed","template":"","meta":{"footnotes":""},"class_list":["post-1223","page","type-page","status-publish","hentry"],"_links":{"self":[{"href":"https:\/\/iberostages.com\/index.php\/wp-json\/wp\/v2\/pages\/1223","targetHints":{"allow":["GET"]}}],"collection":[{"href":"https:\/\/iberostages.com\/index.php\/wp-json\/wp\/v2\/pages"}],"about":[{"href":"https:\/\/iberostages.com\/index.php\/wp-json\/wp\/v2\/types\/page"}],"author":[{"embeddable":true,"href":"https:\/\/iberostages.com\/index.php\/wp-json\/wp\/v2\/users\/2"}],"replies":[{"embeddable":true,"href":"https:\/\/iberostages.com\/index.php\/wp-json\/wp\/v2\/comments?post=1223"}],"version-history":[{"count":6,"href":"https:\/\/iberostages.com\/index.php\/wp-json\/wp\/v2\/pages\/1223\/revisions"}],"predecessor-version":[{"id":1229,"href":"https:\/\/iberostages.com\/index.php\/wp-json\/wp\/v2\/pages\/1223\/revisions\/1229"}],"wp:attachment":[{"href":"https:\/\/iberostages.com\/index.php\/wp-json\/wp\/v2\/media?parent=1223"}],"curies":[{"name":"wp","href":"https:\/\/api.w.org\/{rel}","templated":true}]}}