{"id":1109,"date":"2024-11-03T21:54:58","date_gmt":"2024-11-03T20:54:58","guid":{"rendered":"https:\/\/iberostages.com\/?page_id=1109"},"modified":"2024-11-13T12:25:02","modified_gmt":"2024-11-13T11:25:02","slug":"autres-services","status":"publish","type":"page","link":"https:\/\/iberostages.com\/index.php\/autres-services\/","title":{"rendered":"Autres Services"},"content":{"rendered":"\n<div class=\"wp-block-cover alignfull\" style=\"margin-top:0;margin-bottom:0;padding-top:0px;padding-bottom:80px;min-height:300px;aspect-ratio:unset;\"><span aria-hidden=\"true\" class=\"wp-block-cover__background has-black-background-color has-background-dim-30 has-background-dim\"><\/span><img fetchpriority=\"high\" decoding=\"async\" width=\"2560\" height=\"1708\" class=\"wp-block-cover__image-background wp-image-1298\" alt=\"\" src=\"https:\/\/iberostages.com\/wp-content\/uploads\/2024\/11\/pexels-magic-k-24827758-6726422-scaled.jpg\" data-object-fit=\"cover\" srcset=\"https:\/\/iberostages.com\/wp-content\/uploads\/2024\/11\/pexels-magic-k-24827758-6726422-scaled.jpg 2560w, https:\/\/iberostages.com\/wp-content\/uploads\/2024\/11\/pexels-magic-k-24827758-6726422-300x200.jpg 300w, https:\/\/iberostages.com\/wp-content\/uploads\/2024\/11\/pexels-magic-k-24827758-6726422-1024x683.jpg 1024w, https:\/\/iberostages.com\/wp-content\/uploads\/2024\/11\/pexels-magic-k-24827758-6726422-768x512.jpg 768w, https:\/\/iberostages.com\/wp-content\/uploads\/2024\/11\/pexels-magic-k-24827758-6726422-1536x1025.jpg 1536w, https:\/\/iberostages.com\/wp-content\/uploads\/2024\/11\/pexels-magic-k-24827758-6726422-2048x1366.jpg 2048w\" sizes=\"(max-width: 2560px) 100vw, 2560px\" \/><div class=\"wp-block-cover__inner-container has-global-padding is-layout-constrained wp-container-core-cover-is-layout-1 wp-block-cover-is-layout-constrained\">\n<div style=\"height:50px\" aria-hidden=\"true\" class=\"wp-block-spacer\"><\/div>\n\n\n\n<h1 class=\"wp-block-heading has-text-align-center has-text-color has-link-color has-suranna-font-family wp-elements-70f68b209f9f709f21db89df9faa70ad\" style=\"color:#ffffff;font-size:clamp(38.682px, 2.418rem + ((1vw - 3.2px) * 3.786), 72px);font-style:normal;font-weight:500\">Autres Services<\/h1>\n<\/div><\/div>\n\n\n\n<div class=\"wp-block-group alignfull has-global-padding is-layout-constrained wp-container-core-group-is-layout-2 wp-block-group-is-layout-constrained\">\n<div class=\"wp-block-group alignwide has-global-padding is-layout-constrained wp-container-core-group-is-layout-1 wp-block-group-is-layout-constrained\" style=\"margin-top:0;margin-bottom:0;padding-top:100px;padding-bottom:100px\">\n<div class=\"wp-block-columns is-layout-flex wp-container-core-columns-is-layout-1 wp-block-columns-is-layout-flex\">\n<div class=\"wp-block-column is-layout-flow wp-block-column-is-layout-flow\">\n<figure class=\"wp-block-image alignleft size-full\"><img decoding=\"async\" width=\"1707\" height=\"2560\" src=\"https:\/\/iberostages.com\/wp-content\/uploads\/2024\/11\/pexels-cottonbro-4606397-scaled.jpg\" alt=\"\" class=\"wp-image-1152\" srcset=\"https:\/\/iberostages.com\/wp-content\/uploads\/2024\/11\/pexels-cottonbro-4606397-scaled.jpg 1707w, https:\/\/iberostages.com\/wp-content\/uploads\/2024\/11\/pexels-cottonbro-4606397-200x300.jpg 200w, https:\/\/iberostages.com\/wp-content\/uploads\/2024\/11\/pexels-cottonbro-4606397-683x1024.jpg 683w, https:\/\/iberostages.com\/wp-content\/uploads\/2024\/11\/pexels-cottonbro-4606397-768x1152.jpg 768w, https:\/\/iberostages.com\/wp-content\/uploads\/2024\/11\/pexels-cottonbro-4606397-1024x1536.jpg 1024w, https:\/\/iberostages.com\/wp-content\/uploads\/2024\/11\/pexels-cottonbro-4606397-1365x2048.jpg 1365w\" sizes=\"(max-width: 1707px) 100vw, 1707px\" \/><\/figure>\n<\/div>\n\n\n\n<div class=\"wp-block-column is-vertically-aligned-center has-global-padding is-content-justification-left is-layout-constrained wp-container-core-column-is-layout-2 wp-block-column-is-layout-constrained\">\n<h3 class=\"wp-block-heading has-text-align-left has-text-color has-suranna-font-family\" style=\"color:#263763;margin-top:0.5rem;margin-bottom:0rem;font-size:clamp(24.034px, 1.502rem + ((1vw - 3.2px) * 1.814), 40px);font-style:normal;font-weight:500;letter-spacing:0px;line-height:1.3\">Transfert A\u00e9roport<\/h3>\n\n\n\n<hr class=\"wp-block-separator has-text-color has-alpha-channel-opacity has-background\" style=\"background-color:#263763;color:#263763\"\/>\n\n\n\n<p class=\"has-text-color has-link-color has-pontano-sans-font-family wp-elements-7017f15385303cae70bef2952caa94b1\" style=\"color:#263763;font-size:clamp(14px, 0.875rem + ((1vw - 3.2px) * 0.455), 18px);\">IBERO Stages propose un service de transfert a\u00e9roport pratique et fiable, con\u00e7u pour faciliter votre arriv\u00e9e et votre d\u00e9part. Nous comprenons que le d\u00e9but d\u2019un s\u00e9jour \u00e0 l\u2019\u00e9tranger peut \u00eatre source de stress, c\u2019est pourquoi nous nous engageons \u00e0 vous offrir un service de transport fluide et confortable.<\/p>\n\n\n\n<p class=\"has-text-color has-link-color wp-elements-8ee430f8b774603df9908a08353e7034\" style=\"color:#263763;font-size:clamp(14px, 0.875rem + ((1vw - 3.2px) * 0.455), 18px);\">\u00c0 votre arriv\u00e9e, un chauffeur vous accueillera \u00e0 l\u2019a\u00e9roport avec une signal\u00e9tique personnalis\u00e9e et vous accompagnera jusqu\u2019\u00e0 votre h\u00e9bergement, que ce soit un appartement, une famille d\u2019accueil ou un h\u00f4tel. Ce service vous permet de commencer votre exp\u00e9rience en toute s\u00e9r\u00e9nit\u00e9, sans avoir \u00e0 vous soucier de la logistique de votre trajet.<\/p>\n\n\n\n<p class=\"has-text-color has-link-color has-pontano-sans-font-family wp-elements-60a31755589d59be7c7856de0cf771bc\" style=\"color:#263763;font-size:clamp(14px, 0.875rem + ((1vw - 3.2px) * 0.455), 18px);\">Nos transferts sont \u00e9galement disponibles pour vos d\u00e9parts, assurant ainsi que vous arriviez \u00e0 l&rsquo;a\u00e9roport \u00e0 l&rsquo;heure et sans tracas.<\/p>\n\n\n\n<hr class=\"wp-block-separator has-text-color has-alpha-channel-opacity has-background\" style=\"background-color:#263763;color:#263763\"\/>\n\n\n\n<div class=\"wp-block-buttons is-horizontal is-content-justification-left is-layout-flex wp-container-core-buttons-is-layout-1 wp-block-buttons-is-layout-flex\" style=\"margin-top:20px\">\n<div class=\"wp-block-button has-custom-width wp-block-button__width-50 has-custom-font-size is-style-outline has-pontano-sans-font-family is-style-outline--1\" style=\"font-size:clamp(0.875rem, 0.875rem + ((1vw - 0.2rem) * 0.245), 1.01rem);font-style:normal;font-weight:600;letter-spacing:1px;line-height:1.5;text-transform:uppercase\"><a class=\"wp-block-button__link has-text-color has-background has-border-color wp-element-button\" href=\"https:\/\/iberostages.com\/index.php\/contact\/\" style=\"border-color:#263763;border-width:1px;border-radius:1rem;color:#263763;background-color:#d9f0fe;padding-top:0.71rem;padding-right:0.31rem;padding-bottom:0.71rem;padding-left:0.31rem\">Contact<\/a><\/div>\n<\/div>\n<\/div>\n<\/div>\n<\/div>\n<\/div>\n\n\n\n<div class=\"wp-block-group alignfull has-global-padding is-layout-constrained wp-container-core-group-is-layout-4 wp-block-group-is-layout-constrained\">\n<div class=\"wp-block-group alignwide has-global-padding is-layout-constrained wp-container-core-group-is-layout-3 wp-block-group-is-layout-constrained\" style=\"margin-top:0;margin-bottom:0;padding-bottom:100px\">\n<div class=\"wp-block-columns is-layout-flex wp-container-core-columns-is-layout-2 wp-block-columns-is-layout-flex\">\n<div class=\"wp-block-column is-vertically-aligned-center has-global-padding is-content-justification-left is-layout-constrained wp-container-core-column-is-layout-3 wp-block-column-is-layout-constrained\">\n<h3 class=\"wp-block-heading has-text-align-left has-text-color has-suranna-font-family\" style=\"color:#263763;margin-top:0.5rem;margin-bottom:0rem;font-size:clamp(24.034px, 1.502rem + ((1vw - 3.2px) * 1.814), 40px);font-style:normal;font-weight:500;letter-spacing:0px;line-height:1.3\">R\u00e9servation Logement<\/h3>\n\n\n\n<hr class=\"wp-block-separator has-text-color has-alpha-channel-opacity has-background\" style=\"background-color:#263763;color:#263763\"\/>\n\n\n\n<p class=\"has-text-color has-link-color has-pontano-sans-font-family wp-elements-1cf5226dd752c6e012e3e663e9c14a73\" style=\"color:#263763;font-size:clamp(14px, 0.875rem + ((1vw - 3.2px) * 0.455), 18px);\">IBERO Stages vous propose un service de r\u00e9servation de logement \u00e0 distance, vous permettant de s\u00e9curiser votre h\u00e9bergement avant m\u00eame votre arriv\u00e9e. Que vous optiez pour une famille d&rsquo;accueil, un appartement partag\u00e9 ou un logement individuel, notre \u00e9quipe s&rsquo;assure de r\u00e9pondre \u00e0 vos attentes sp\u00e9cifiques, m\u00eame si vous n\u2019avez pas eu l\u2019occasion de visiter le logement au pr\u00e9alable.<\/p>\n\n\n\n<p class=\"has-text-color has-link-color has-pontano-sans-font-family wp-elements-56c33d6668137b10d4306296136e863b\" style=\"color:#263763;font-size:clamp(14px, 0.875rem + ((1vw - 3.2px) * 0.455), 18px);\">Nous g\u00e9rons l\u2019ensemble du processus de r\u00e9servation, y compris la communication avec le propri\u00e9taire et la coordination des modalit\u00e9s de location. Une caution pourra vous \u00eatre demand\u00e9e pour finaliser la location, mais vous n&rsquo;aurez pas \u00e0 vous soucier des d\u00e9tails logistiques, car IBERO Stages prend en charge toute la gestion n\u00e9cessaire.<\/p>\n\n\n\n<hr class=\"wp-block-separator has-text-color has-alpha-channel-opacity has-background\" style=\"background-color:#263763;color:#263763\"\/>\n\n\n\n<div class=\"wp-block-buttons is-horizontal is-content-justification-left is-layout-flex wp-container-core-buttons-is-layout-2 wp-block-buttons-is-layout-flex\" style=\"margin-top:20px\">\n<div class=\"wp-block-button has-custom-width wp-block-button__width-50 has-custom-font-size is-style-outline has-pontano-sans-font-family is-style-outline--2\" style=\"font-size:clamp(0.875rem, 0.875rem + ((1vw - 0.2rem) * 0.245), 1.01rem);font-style:normal;font-weight:600;letter-spacing:1px;line-height:1.5;text-transform:uppercase\"><a class=\"wp-block-button__link has-text-color has-background has-border-color wp-element-button\" href=\"https:\/\/iberostages.com\/index.php\/contact\/\" style=\"border-color:#263763;border-width:1px;border-radius:1rem;color:#263763;background-color:#d9f0fe;padding-top:0.71rem;padding-right:0.31rem;padding-bottom:0.71rem;padding-left:0.31rem\">Contact<\/a><\/div>\n<\/div>\n<\/div>\n\n\n\n<div class=\"wp-block-column is-layout-flow wp-block-column-is-layout-flow\">\n<figure class=\"wp-block-image alignright size-full\"><img decoding=\"async\" width=\"1829\" height=\"2560\" src=\"https:\/\/iberostages.com\/wp-content\/uploads\/2024\/11\/pexels-heyho-6782429-scaled.jpg\" alt=\"\" class=\"wp-image-1154\" style=\"aspect-ratio:2\/3;object-fit:cover\" srcset=\"https:\/\/iberostages.com\/wp-content\/uploads\/2024\/11\/pexels-heyho-6782429-scaled.jpg 1829w, https:\/\/iberostages.com\/wp-content\/uploads\/2024\/11\/pexels-heyho-6782429-214x300.jpg 214w, https:\/\/iberostages.com\/wp-content\/uploads\/2024\/11\/pexels-heyho-6782429-731x1024.jpg 731w, https:\/\/iberostages.com\/wp-content\/uploads\/2024\/11\/pexels-heyho-6782429-768x1075.jpg 768w, https:\/\/iberostages.com\/wp-content\/uploads\/2024\/11\/pexels-heyho-6782429-1097x1536.jpg 1097w, https:\/\/iberostages.com\/wp-content\/uploads\/2024\/11\/pexels-heyho-6782429-1463x2048.jpg 1463w\" sizes=\"(max-width: 1829px) 100vw, 1829px\" \/><\/figure>\n<\/div>\n<\/div>\n<\/div>\n<\/div>\n\n\n\n<div class=\"wp-block-group alignfull has-global-padding is-layout-constrained wp-container-core-group-is-layout-6 wp-block-group-is-layout-constrained\">\n<div class=\"wp-block-group alignwide has-global-padding is-layout-constrained wp-container-core-group-is-layout-5 wp-block-group-is-layout-constrained\" style=\"margin-top:0;margin-bottom:0;padding-bottom:100px\">\n<div class=\"wp-block-columns is-layout-flex wp-container-core-columns-is-layout-3 wp-block-columns-is-layout-flex\">\n<div class=\"wp-block-column is-layout-flow wp-block-column-is-layout-flow\">\n<figure class=\"wp-block-image alignleft size-full\"><img loading=\"lazy\" decoding=\"async\" width=\"1707\" height=\"2560\" src=\"https:\/\/iberostages.com\/wp-content\/uploads\/2024\/11\/pexels-cottonbro-5989925-scaled.jpg\" alt=\"\" class=\"wp-image-1158\" srcset=\"https:\/\/iberostages.com\/wp-content\/uploads\/2024\/11\/pexels-cottonbro-5989925-scaled.jpg 1707w, https:\/\/iberostages.com\/wp-content\/uploads\/2024\/11\/pexels-cottonbro-5989925-200x300.jpg 200w, https:\/\/iberostages.com\/wp-content\/uploads\/2024\/11\/pexels-cottonbro-5989925-683x1024.jpg 683w, https:\/\/iberostages.com\/wp-content\/uploads\/2024\/11\/pexels-cottonbro-5989925-768x1152.jpg 768w, https:\/\/iberostages.com\/wp-content\/uploads\/2024\/11\/pexels-cottonbro-5989925-1024x1536.jpg 1024w, https:\/\/iberostages.com\/wp-content\/uploads\/2024\/11\/pexels-cottonbro-5989925-1365x2048.jpg 1365w\" sizes=\"(max-width: 1707px) 100vw, 1707px\" \/><\/figure>\n<\/div>\n\n\n\n<div class=\"wp-block-column is-vertically-aligned-center has-global-padding is-content-justification-left is-layout-constrained wp-container-core-column-is-layout-6 wp-block-column-is-layout-constrained\">\n<h3 class=\"wp-block-heading has-text-align-left has-text-color has-suranna-font-family\" style=\"color:#263763;margin-top:0.5rem;margin-bottom:0rem;font-size:clamp(24.034px, 1.502rem + ((1vw - 3.2px) * 1.814), 40px);font-style:normal;font-weight:500;letter-spacing:0px;line-height:1.3\">Pr\u00e9paration de Curriculum Vitae<\/h3>\n\n\n\n<hr class=\"wp-block-separator has-text-color has-alpha-channel-opacity has-background\" style=\"background-color:#263763;color:#263763\"\/>\n\n\n\n<p class=\"has-text-color has-link-color has-pontano-sans-font-family wp-elements-af60e360abd803d4f64902dc0c613e11\" style=\"color:#263763;font-size:clamp(14px, 0.875rem + ((1vw - 3.2px) * 0.455), 18px);\">IBERO Stages offre un service professionnel de pr\u00e9paration de Curriculum Vitae (CV), con\u00e7u pour vous aider \u00e0 mettre en valeur vos comp\u00e9tences et exp\u00e9riences dans le cadre de votre recherche de stage ou d&#8217;emploi \u00e0 l&rsquo;\u00e9tranger. Un CV bien r\u00e9dig\u00e9 est essentiel pour se d\u00e9marquer sur le march\u00e9 du travail et maximiser vos chances de r\u00e9ussite.<\/p>\n\n\n\n<p class=\"has-text-color has-link-color has-pontano-sans-font-family wp-elements-41832b8cff8debf551455125227c1bad\" style=\"color:#263763;font-size:clamp(14px, 0.875rem + ((1vw - 3.2px) * 0.455), 18px);\">Nos experts en r\u00e9daction de CV travaillent en \u00e9troite collaboration avec vous pour comprendre vos objectifs professionnels, votre parcours acad\u00e9mique et vos exp\u00e9riences ant\u00e9rieures. Nous vous guidons dans la cr\u00e9ation d\u2019un CV clair, concis et adapt\u00e9 aux normes du pays o\u00f9 vous postulez, en mettant l&rsquo;accent sur les comp\u00e9tences cl\u00e9s qui attireront l\u2019attention des recruteurs.<\/p>\n\n\n\n<hr class=\"wp-block-separator has-text-color has-alpha-channel-opacity has-background\" style=\"background-color:#263763;color:#263763\"\/>\n\n\n\n<div class=\"wp-block-buttons is-horizontal is-content-justification-left is-layout-flex wp-container-core-buttons-is-layout-3 wp-block-buttons-is-layout-flex\" style=\"margin-top:20px\">\n<div class=\"wp-block-button has-custom-width wp-block-button__width-50 has-custom-font-size is-style-outline has-pontano-sans-font-family is-style-outline--3\" style=\"font-size:clamp(0.875rem, 0.875rem + ((1vw - 0.2rem) * 0.245), 1.01rem);font-style:normal;font-weight:600;letter-spacing:1px;line-height:1.5;text-transform:uppercase\"><a class=\"wp-block-button__link has-text-color has-background has-border-color wp-element-button\" href=\"https:\/\/iberostages.com\/index.php\/contact\/\" style=\"border-color:#263763;border-width:1px;border-radius:1rem;color:#263763;background-color:#d9f0fe;padding-top:0.71rem;padding-right:0.31rem;padding-bottom:0.71rem;padding-left:0.31rem\">Contact<\/a><\/div>\n<\/div>\n<\/div>\n<\/div>\n<\/div>\n<\/div>\n\n\n\n<section class=\"wp-block-cover alignfull\" style=\"margin-top:0px;padding-top:1.01rem;padding-bottom:1.01rem;min-height:430px;aspect-ratio:unset;\"><span aria-hidden=\"true\" class=\"wp-block-cover__background has-black-background-color has-background-dim\"><\/span><img loading=\"lazy\" decoding=\"async\" width=\"2560\" height=\"1647\" class=\"wp-block-cover__image-background wp-image-1296\" alt=\"\" src=\"https:\/\/iberostages.com\/wp-content\/uploads\/2024\/11\/pexels-wildlittlethingsphoto-1774927-scaled.jpg\" style=\"object-position:54% 61%\" data-object-fit=\"cover\" data-object-position=\"54% 61%\" srcset=\"https:\/\/iberostages.com\/wp-content\/uploads\/2024\/11\/pexels-wildlittlethingsphoto-1774927-scaled.jpg 2560w, https:\/\/iberostages.com\/wp-content\/uploads\/2024\/11\/pexels-wildlittlethingsphoto-1774927-300x193.jpg 300w, https:\/\/iberostages.com\/wp-content\/uploads\/2024\/11\/pexels-wildlittlethingsphoto-1774927-1024x659.jpg 1024w, https:\/\/iberostages.com\/wp-content\/uploads\/2024\/11\/pexels-wildlittlethingsphoto-1774927-768x494.jpg 768w, https:\/\/iberostages.com\/wp-content\/uploads\/2024\/11\/pexels-wildlittlethingsphoto-1774927-1536x988.jpg 1536w, https:\/\/iberostages.com\/wp-content\/uploads\/2024\/11\/pexels-wildlittlethingsphoto-1774927-2048x1318.jpg 2048w\" sizes=\"(max-width: 2560px) 100vw, 2560px\" \/><div class=\"wp-block-cover__inner-container has-global-padding is-layout-constrained wp-container-core-cover-is-layout-2 wp-block-cover-is-layout-constrained\">\n<div class=\"wp-block-group has-text-color is-layout-flow wp-block-group-is-layout-flow\" style=\"color:#fffffd;margin-top:0px;padding-top:0rem;padding-right:1rem;padding-bottom:0rem;padding-left:1rem;font-size:clamp(0.875rem, 0.875rem + ((1vw - 0.2rem) * 0.464), 1.13rem);font-style:normal;font-weight:400;line-height:1.4\">\n<div class=\"wp-block-group has-global-padding is-layout-constrained wp-container-core-group-is-layout-7 wp-block-group-is-layout-constrained\">\n<p class=\"has-text-align-center has-text-color\" style=\"color:#fffffd;margin-bottom:0rem;font-size:clamp(1.507rem, 1.507rem + ((1vw - 0.2rem) * 1.824), 2.51rem);font-style:normal;font-weight:400;line-height:1.2\">Vous n\u00e9cessitez un autre service? Veuillez nous contacter pour un devis.<\/p>\n<\/div>\n<\/div>\n<\/div><\/section>\n","protected":false},"excerpt":{"rendered":"<p>Transfert A\u00e9roport IBERO Stages propose un service de transfert a\u00e9roport pratique et fiable, con\u00e7u pour faciliter votre arriv\u00e9e et votre d\u00e9part. Nous comprenons que le d\u00e9but d\u2019un s\u00e9jour \u00e0 l\u2019\u00e9tranger peut \u00eatre source de stress, c\u2019est pourquoi nous nous engageons \u00e0 vous offrir un service de transport fluide et confortable. \u00c0 votre arriv\u00e9e, un chauffeur [&hellip;]<\/p>\n","protected":false},"author":2,"featured_media":0,"parent":0,"menu_order":0,"comment_status":"closed","ping_status":"closed","template":"","meta":{"footnotes":""},"class_list":["post-1109","page","type-page","status-publish","hentry"],"_links":{"self":[{"href":"https:\/\/iberostages.com\/index.php\/wp-json\/wp\/v2\/pages\/1109","targetHints":{"allow":["GET"]}}],"collection":[{"href":"https:\/\/iberostages.com\/index.php\/wp-json\/wp\/v2\/pages"}],"about":[{"href":"https:\/\/iberostages.com\/index.php\/wp-json\/wp\/v2\/types\/page"}],"author":[{"embeddable":true,"href":"https:\/\/iberostages.com\/index.php\/wp-json\/wp\/v2\/users\/2"}],"replies":[{"embeddable":true,"href":"https:\/\/iberostages.com\/index.php\/wp-json\/wp\/v2\/comments?post=1109"}],"version-history":[{"count":10,"href":"https:\/\/iberostages.com\/index.php\/wp-json\/wp\/v2\/pages\/1109\/revisions"}],"predecessor-version":[{"id":1343,"href":"https:\/\/iberostages.com\/index.php\/wp-json\/wp\/v2\/pages\/1109\/revisions\/1343"}],"wp:attachment":[{"href":"https:\/\/iberostages.com\/index.php\/wp-json\/wp\/v2\/media?parent=1109"}],"curies":[{"name":"wp","href":"https:\/\/api.w.org\/{rel}","templated":true}]}}